 191
What are the prime factors of 1229?
1229
What are the prime factors of 3419?
13, 263
List the prime factors of 894.
2, 3, 149
List the prime factors of 30912.
2, 3, 7, 23
List the prime factors of 9030.
2, 3, 5, 7, 43
List the prime factors of 7855.
5, 1571
List the prime factors of 108894.
2, 3, 18149
What are the prime factors of 262?
2, 131
List the prime factors of 175.
5, 7
List the prime factors of 2192.
2, 137
List the prime factors of 1981.
7, 283
What are the prime factors of 491?
491
List the prime factors of 65469.
3, 139, 157
List the prime factors of 57004.
2, 14251
What are the prime factors of 316?
2, 79
What are the prime factors of 422?
2, 211
What are the prime factors of 912?
2, 3, 19
List the prime factors of 7518.
2, 3, 7, 179
What are the prime factors of 6893?
61, 113
List the prime factors of 86950.
2, 5, 37, 47
What are the prime factors of 27027?
3, 7, 11, 13
What are the prime factors of 146319?
3, 17, 19, 151
List the prime factors of 5040.
2, 3, 5, 7
What are the prime factors of 22852?
2, 29, 197
List the prime factors of 397.
397
List the prime factors of 37688.
2, 7, 673
List the prime factors of 1161.
3, 43
List the prime factors of 2973.
3, 991
What are the prime factors of 15387?
3, 23, 223
List the prime factors of 3029.
13, 233
List the prime factors of 633.
3, 211
What are the prime factors of 3160?
2, 5, 79
List the prime factors of 35034.
2, 3, 5839
List the prime factors of 53496.
2, 3, 743
What are the prime factors of 928?
2, 29
List the prime factors of 8741.
8741
List the prime factors of 77094.
2, 3, 4283
What are the prime factors of 742?
2, 7, 53
List the prime factors of 7297.
7297
What are the prime factors of 28841?
151, 191
What are the prime factors of 2710?
2, 5, 271
List the prime factors of 1663.
1663
What are the prime factors of 805?
5, 7, 23
What are the prime factors of 275?
5, 11
List the prime factors of 1896.
2, 3, 79
List the prime factors of 9945.
3, 5, 13, 17
List the prime factors of 1111.
11, 101
What are the prime factors of 1408?
2, 11
What are the prime factors of 863?
863
What are the prime factors of 6508?
2, 1627
What are the prime factors of 8654?
2, 4327
List the prime factors of 687.
3, 229
List the prime factors of 9437.
9437
List the prime factors of 33489.
3, 61
What are the prime factors of 32593?
11, 2963
List the prime factors of 5910.
2, 3, 5, 197
List the prime factors of 1629.
3, 181
List the prime factors of 11969.
11969
What are the prime factors of 1055?
5, 211
What are the prime factors of 10337?
10337
What are the prime factors of 3825?
3, 5, 17
List the prime factors of 59221.
59221
What are the prime factors of 19804?
2, 4951
List the prime factors of 4528.
2, 283
What are the prime factors of 65312?
2, 13, 157
What are the prime factors of 24873?
3, 8291
What are the prime factors of 2204?
2, 19, 29
List the prime factors of 514.
2, 257
What are the prime factors of 7942?
2, 11, 19
What are the prime factors of 47267?
11, 4297
What are the prime factors of 810?
2, 3, 5
What are the prime factors of 28960?
2, 5, 181
What are the prime factors of 2408?
2, 7, 43
List the prime factors of 15334.
2, 11, 17, 41
List the prime factors of 167.
167
List the prime factors of 22923.
3, 283
What are the prime factors of 18861?
3, 6287
List the prime factors of 4537.
13, 349
What are the prime factors of 893?
19, 47
List the prime factors of 102311.
11, 71, 131
What are the prime factors of 229?
229
What are the prime factors of 327?
3, 109
What are the prime factors of 9335?
5, 1867
List the prime factors of 235.
5, 47
What are the prime factors of 1161?
3, 43
What are the prime factors of 1515?
3, 5, 101
List the prime factors of 13512.
2, 3, 563
What are the prime factors of 19608?
2, 3, 19, 43
List the prime factors of 50409.
3, 1867
What are the prime factors of 424?
2, 53
List the prime factors of 171904.
2, 17, 79
What are the prime factors of 34710?
2, 3, 5, 13, 89
What are the prime factors of 78058?
2, 31, 1259
What are the prime factors of 7996?
2, 1999
List the prime factors of 45788.
2, 11447
List the prime factors of 111484.
2, 47, 593
List the prime factors of 10513.
10513
What are the prime factors of 9536?
2, 149
What are the prime factors of 2382?
2, 3, 397
List the prime factors of 37146.
2, 3, 41, 151
List the prime factors of 17961.
3, 5987
List the prime factors of 254.
2, 127
What are the prime factors of 3141?
3, 349
List the prime factors of 16102.
2, 83, 97
What are the prime factors of 14933?
109, 137
List the prime factors of 4060.
2, 5, 7, 29
List the prime factors of 12659.
12659
List the prime factors of 227.
227
List the prime factors of 422.
2, 211
List the prime factors of 7812.
2, 3, 7, 31
What are the prime factors of 50800?
2, 5, 127
What are the prime factors of 39965?
5, 7993
List the prime factors of 21129.
3, 7043
List the prime factors of 134214.
2, 3, 22369
What are the prime factors of 47739?
3, 15913
What are the prime factors of 44987?
44987
List the prime factors of 574.
2, 7, 41
What are the prime factors of 39201?
3, 73, 179
What are the prime factors of 89201?
7, 12743
What are the prime factors of 4782?
2, 3, 797
What are the prime factors of 54119?
13, 23, 181
What are the prime factors of 188?
2, 47
What are the prime factors of 23027?
23027
What are the prime factors of 5940?
2, 3, 5, 11
What are the prime factors of 157059?
3, 7, 277
List the prime factors of 115923.
3, 17, 2273
What are the prime factors of 14632?
2, 31, 59
What are the prime factors of 433?
433
List the prime factors of 288.
2, 3
List the prime factors of 8363.
8363
What are the prime factors of 34390?
2, 5, 19, 181
What are the prime factors of 13519?
11, 1229
What are the prime factors of 2840?
2, 5, 71
What are the prime factors of 14968?
2, 1871
What are the prime factors of 5757?
3, 19, 101
What are the prime factors of 412?
2, 103
What are the prime factors of 791?
7, 113
What are the prime factors of 97?
97
List the prime factors of 36762.
2, 3, 11, 557
What are the prime factors of 13776?
2, 3, 7, 41
List the prime factors of 2959.
11, 269
What are the prime factors of 18451?
18451
What are the prime factors of 32085?
3, 5, 23, 31
What are the prime factors of 68820?
2, 3, 5, 31, 37
List the prime factors of 14891.
14891
List the prime factors of 220.
2, 5, 11
List the prime factors of 903.
3, 7, 43
List the prime factors of 29750.
2, 5, 7, 17
List the prime factors of 282.
2, 3, 47
List the prime factors of 127165.
5, 29, 877
What are the prime factors of 21526?
2, 47, 229
What are the prime factors of 73526?
2, 97, 379
List the prime factors of 1584.
2, 3, 11
What are the prime factors of 1379?
7, 197
List the prime factors of 3353.
7, 479
What are the prime factors of 1533?
3, 7, 73
List the prime factors of 5696.
2, 89
What are the prime factors of 37459?
47, 797
What are the prime factors of 35770?
2, 5, 7, 73
List the prime factors of 154845.
3, 5, 31, 37
List the prime factors of 10771.
10771
List the prime factors of 24886.
2, 23, 541
List the prime factors of 311.
311
List the prime factors of 3303.
3, 367
What are the prime factors of 90977?
90977
List the prime factors of 730.
2, 5, 73
List the prime factors of 584.
2, 73
What are the prime factors of 57990?
2, 3, 5, 1933
What are the prime factors of 33372?
2, 3, 103
What are the prime factors of 23725?
5, 13, 73
What are the prime factors of 2285?
5, 457
What are the prime factors of 16341?
3, 13, 419
What are the prime factors of 1099?
7, 157
List the prime factors of 21523.
21523
What are the prime factors of 2473?
2473
List the prime factors of 25167.
3, 8389
What are the prime factors of 2827?
11, 257
What are the prime factors of 125699?
7, 17957
What are the prime factors of 361?
19
What are the prime factors of 279?
3, 31
List the prime factors of 10341.
3, 383
What are the prime factors of 21286?
2, 29, 367
What are the prime factors of 12483?
3, 19, 73
List the prime factors of 9245.
5, 43
What are the prime factors of 985?
5, 197
List the prime factors of 13167.
3, 7, 11, 19
What are the prime factors of 24885?
3, 5, 7, 79
List the prime factors of 1416.
2, 3, 59
What are the prime factors of 1400?
2, 5, 7
What are the prime factors of 3932?
2, 983
Li